{"id":186,"date":"2010-04-19T04:10:59","date_gmt":"2010-04-19T08:10:59","guid":{"rendered":"http:\/\/www.cinecalidad.com\/?page_id=186"},"modified":"2024-06-18T22:29:10","modified_gmt":"2024-06-19T02:29:10","slug":"reproductor-para-tus-peliculas","status":"publish","type":"page","link":"https:\/\/www.cinecalidad.rs\/espana\/reproductor-para-tus-peliculas\/","title":{"rendered":"Reproductor para tus pel\u00edculas"},"content":{"rendered":"<strong>NOTA IMPORTANTE:\u00a0 <\/strong>Desde la versi\u00f3n 2.2.0 de VLC los subt\u00edtulos se ven muy chicos debido a un error que todav\u00eda no solucionaron. Recomendamos descargar la <a href=\"http:\/\/download.videolan.org\/pub\/videolan\/vlc\/2.1.5\/win32\/vlc-2.1.5-win32.exe\">versi\u00f3n 2.1.5 haciendo clic aqu\u00ed<\/a>. (misma versi\u00f3n <a href=\"http:\/\/download.videolan.org\/pub\/videolan\/vlc\/2.1.5\/win64\/vlc-2.1.5-win64.exe\">de 64 bits<\/a>).\r\n\r\nBien, descargaste tu pel\u00edcula. Ahora necesitas un buen reproductor. Recomendamos VLC:\r\n<p style=\"text-align: center;\"><a href=\"http:\/\/www.videolan.org\/vlc\/\"><img loading=\"lazy\" decoding=\"async\" class=\"aligncenter size-full wp-image-2468\" title=\"largeVLC\" src=\"\/wp-content\/uploads\/2010\/04\/largeVLC.png\" alt=\"\" width=\"150\" height=\"150\" \/><\/a><\/p>\r\n\r\n<ul>\r\n\t<li>F\u00e1cil de usar.<\/li>\r\n\t<li>Reproduce todo tipo de archivos (video y m\u00fasica).<\/li>\r\n\t<li>Habilidad de a\u00f1adir subt\u00edtulos a las pel\u00edculas.<\/li>\r\n\t<li>Configurable.<\/li>\r\n<\/ul>\r\n\r\n<a href=\"http:\/\/www.videolan.org\/vlc\/\" target=\"_blank\" rel=\"noopener\">Desc\u00e1rgalo ahora!<\/a>","protected":false},"excerpt":{"rendered":"<p>NOTA IMPORTANTE:\u00a0 Desde la versi\u00f3n 2.2.0 de VLC los subt\u00edtulos se ven muy chicos debido a un error que todav\u00eda no solucionaron. Recomendamos descargar la versi\u00f3n 2.1.5 haciendo clic aqu\u00ed. (misma versi\u00f3n de 64 bits). Bien, descargaste tu pel\u00edcula. Ahora necesitas un buen reproductor. Recomendamos VLC: F\u00e1cil de usar. Reproduce todo tipo de archivos (video [&hellip;]<\/p>\n","protected":false},"author":1,"featured_media":2468,"parent":0,"menu_order":0,"comment_status":"closed","ping_status":"closed","template":"","meta":{"footnotes":""},"class_list":["post-186","page","type-page","status-publish","has-post-thumbnail","hentry"],"aioseo_notices":[],"_links":{"self":[{"href":"https:\/\/www.cinecalidad.rs\/espana\/wp-json\/wp\/v2\/pages\/186","targetHints":{"allow":["GET"]}}],"collection":[{"href":"https:\/\/www.cinecalidad.rs\/espana\/wp-json\/wp\/v2\/pages"}],"about":[{"href":"https:\/\/www.cinecalidad.rs\/espana\/wp-json\/wp\/v2\/types\/page"}],"author":[{"embeddable":true,"href":"https:\/\/www.cinecalidad.rs\/espana\/wp-json\/wp\/v2\/users\/1"}],"replies":[{"embeddable":true,"href":"https:\/\/www.cinecalidad.rs\/espana\/wp-json\/wp\/v2\/comments?post=186"}],"version-history":[{"count":2,"href":"https:\/\/www.cinecalidad.rs\/espana\/wp-json\/wp\/v2\/pages\/186\/revisions"}],"predecessor-version":[{"id":13556,"href":"https:\/\/www.cinecalidad.rs\/espana\/wp-json\/wp\/v2\/pages\/186\/revisions\/13556"}],"wp:featuredmedia":[{"embeddable":true,"href":"https:\/\/www.cinecalidad.rs\/espana\/wp-json\/"}],"wp:attachment":[{"href":"https:\/\/www.cinecalidad.rs\/espana\/wp-json\/wp\/v2\/media?parent=186"}],"curies":[{"name":"wp","href":"https:\/\/api.w.org\/{rel}","templated":true}]}}